{"id":28,"date":"2020-11-23T19:18:35","date_gmt":"2020-11-23T18:18:35","guid":{"rendered":"https:\/\/www.persoapps.com\/calendrier\/wordpress-v3\/?page_id=28"},"modified":"2020-11-28T11:58:26","modified_gmt":"2020-11-28T10:58:26","slug":"contact","status":"publish","type":"page","link":"https:\/\/www.persoapps.com\/calendrier\/contact\/","title":{"rendered":"Nous Contacter"},"content":{"rendered":"<p>[et_pb_section fb_built=\u00a0\u00bb1&Prime; fullwidth=\u00a0\u00bbon\u00a0\u00bb _builder_version=\u00a0\u00bb4.7.3&Prime; _module_preset=\u00a0\u00bbdefault\u00a0\u00bb animation_style=\u00a0\u00bbslide\u00a0\u00bb animation_direction=\u00a0\u00bbtop\u00a0\u00bb animation_duration=\u00a0\u00bb500ms\u00a0\u00bb animation_speed_curve=\u00a0\u00bblinear\u00a0\u00bb locked=\u00a0\u00bboff\u00a0\u00bb][et_pb_fullwidth_code _builder_version=\u00a0\u00bb4.7.4&Prime; _module_preset=\u00a0\u00bbdefault\u00a0\u00bb hover_enabled=\u00a0\u00bb0&Prime; sticky_enabled=\u00a0\u00bb0&Prime;]<center><!-- [et_pb_line_break_holder] --><script async src=\"https:\/\/pagead2.googlesyndication.com\/pagead\/js\/adsbygoogle.js\"><\/script><!-- [et_pb_line_break_holder] --><!-- persoappscalendrier_display_horizontal_responsive --><!-- [et_pb_line_break_holder] --><ins class=\"adsbygoogle\"<!-- [et_pb_line_break_holder] -->     style=\u00a0\u00bbdisplay:block\u00a0\u00bb<!-- [et_pb_line_break_holder] -->     data-ad-client=\u00a0\u00bbca-pub-5435406921165839&Prime;<!-- [et_pb_line_break_holder] -->     data-ad-slot=\u00a0\u00bb4401536018&Prime;<!-- [et_pb_line_break_holder] -->     data-ad-format=\u00a0\u00bbauto\u00a0\u00bb<!-- [et_pb_line_break_holder] -->     data-full-width-responsive=\u00a0\u00bbtrue\u00a0\u00bb><\/ins><!-- [et_pb_line_break_holder] --><script><!-- [et_pb_line_break_holder] -->     (adsbygoogle = window.adsbygoogle || []).push({});<!-- [et_pb_line_break_holder] --><\/script><!-- [et_pb_line_break_holder] --><\/center>[\/et_pb_fullwidth_code][\/et_pb_section][et_pb_section fb_built=\u00a0\u00bb1&Prime; _builder_version=\u00a0\u00bb4.7.3&Prime; _module_preset=\u00a0\u00bbdefault\u00a0\u00bb][et_pb_row _builder_version=\u00a0\u00bb4.7.3&Prime; _module_preset=\u00a0\u00bbdefault\u00a0\u00bb][et_pb_column type=\u00a0\u00bb4_4&Prime; _builder_version=\u00a0\u00bb4.7.3&Prime; _module_preset=\u00a0\u00bbdefault\u00a0\u00bb][et_pb_text _builder_version=\u00a0\u00bb4.7.3&Prime; _module_preset=\u00a0\u00bbdefault\u00a0\u00bb]<\/p>\n<p style=\"text-align: justify;\"><h1>Nous contacter<\/h1><br>Vous pouvez nous contacter si vous rencontrez un probl\u00e8me lors de l'installation ou lors de l'utilisation de l'un de nos logiciels en utilisant de formulaire de contact ci-dessous :<br><br>Pour vous assurer de la bonne prise en compte de votre demande. Vous devez renseigner l'ensemble des champs du formulaire (votre email, logiciel en question, version du logiciel et de windows) et d\u00e9crire tr\u00e8s pr\u00e9cis\u00e9ment votre probl\u00e8me ou la difficult\u00e9 que vous rencontrez.<br><br><span style=\"color: #ff0000;\">Si l'ensemble des champs ne sont pas correctement renseign\u00e9s, vous n'aurez pas de r\u00e9ponse \u00e0 votre message.<\/span><br><iframe loading=\"lazy\" src=\"https:\/\/www.persoapps-cloud1.ovh\/web\/php\/divi\/contactform-v1.php?type=contact&amp;productfamily=persoappscalendrier\" frameborder=\"0\" scrolling=\"no\" width=\"100%\" height=\"600\"><\/iframe><\/p>\n<p>[\/et_pb_text][\/et_pb_column][\/et_pb_row][\/et_pb_section]<\/p>\n","protected":false},"excerpt":{"rendered":"<p><h1>Nous contacter<\/h1><br>Vous pouvez nous contacter si vous rencontrez un probl\u00e8me lors de l'installation ou lors de l'utilisation de l'un de nos logiciels en utilisant de formulaire de contact ci-dessous :<br><br>Pour vous assurer de la bonne prise en compte de votre demande. Vous devez renseigner l'ensemble des champs du formulaire (votre email, logiciel en question, version du logiciel et de windows) et d\u00e9crire tr\u00e8s pr\u00e9cis\u00e9ment votre probl\u00e8me ou la difficult\u00e9 que vous rencontrez.<br><br><span style=\"color: #ff0000;\">Si l'ensemble des champs ne sont pas correctement renseign\u00e9s, vous n'aurez pas de r\u00e9ponse \u00e0 votre message.<\/span><br><iframe loading=\"lazy\" src=\"https:\/\/www.persoapps-cloud1.ovh\/web\/php\/divi\/contactform-v1.php?type=contact&amp;productfamily=persoappscalendrier\" frameborder=\"0\" scrolling=\"no\" width=\"100%\" height=\"600\"><\/iframe><\/p>\n","protected":false},"author":1,"featured_media":0,"parent":0,"menu_order":0,"comment_status":"closed","ping_status":"closed","template":"","meta":{"_et_pb_use_builder":"on","_et_pb_old_content":"","_et_gb_content_width":"","footnotes":""},"class_list":["post-28","page","type-page","status-publish","hentry"],"_links":{"self":[{"href":"https:\/\/www.persoapps.com\/calendrier\/wp-json\/wp\/v2\/pages\/28","targetHints":{"allow":["GET"]}}],"collection":[{"href":"https:\/\/www.persoapps.com\/calendrier\/wp-json\/wp\/v2\/pages"}],"about":[{"href":"https:\/\/www.persoapps.com\/calendrier\/wp-json\/wp\/v2\/types\/page"}],"author":[{"embeddable":true,"href":"https:\/\/www.persoapps.com\/calendrier\/wp-json\/wp\/v2\/users\/1"}],"replies":[{"embeddable":true,"href":"https:\/\/www.persoapps.com\/calendrier\/wp-json\/wp\/v2\/comments?post=28"}],"version-history":[{"count":4,"href":"https:\/\/www.persoapps.com\/calendrier\/wp-json\/wp\/v2\/pages\/28\/revisions"}],"predecessor-version":[{"id":91,"href":"https:\/\/www.persoapps.com\/calendrier\/wp-json\/wp\/v2\/pages\/28\/revisions\/91"}],"wp:attachment":[{"href":"https:\/\/www.persoapps.com\/calendrier\/wp-json\/wp\/v2\/media?parent=28"}],"curies":[{"name":"wp","href":"https:\/\/api.w.org\/{rel}","templated":true}]}}